 - 1438. Calculate s(-7).
-17
Let m(u) = 32*u**2 - 42*u + 187. Determine m(5).
777
Let o(r) = -530921*r - 4247359. Calculate o(-8).
9
Let u(p) = 6*p**3 - 164*p**2 - 66*p - 1794. Determine u(28).
-506
Let t(d) = -12412*d + 186169. Calculate t(15).
-11
Let t(m) = m**3 + 2*m**2 + 8*m - 183. Calculate t(5).
32
Let i(c) = -28*c**2 - 613*c - 2648. What is i(-16)?
-8
Let f(j) = j**3 - 39*j**2 + 24*j - 134. Calculate f(38).
-666
Let b(j) = -2*j**3 + 6*j**2 + 263*j - 1889. Give b(7).
-440
Let b(c) = -c**3 + 36*c**2 - 44*c + 4806. What is b(37)?
1809
Let u(l) = 1666*l - 1152973. Calculate u(692).
-101
Let g(f) = 50*f**2 - 11505*f + 1132. Give g(230).
-18
Let f(m) = -59834*m + 3709699. What is f(62)?
-9
Let j(l) = -367*l**2 - 11852*l - 11852. Determine j(-1).
-367
Let d(t) = 2*t**3 + 89*t**2 + 92*t - 1578. What is d(-43)?
13
Let o(j) = 14277*j + 1299234. What is o(-91)?
27
Let c(r) = 2708*r**2 - 16252*r + 11. Calculate c(6).
-13
Let y(i) = -4*i**3 + 984*i**2 - 1949*i - 708. Determine y(244).
24
Let h(f) = 3*f**3 - 56*f**2 + 5*f + 149. What is h(17)?
-1211
Let m(v) = 3*v**3 - 89*v**2 - 162*v + 1183. Give m(31).
5
Let m(f) = 3963*f - 114919. What is m(29)?
8
Let i(q) = -q**3 + 1130*q**2 + 2700*q - 4322933. Calculate i(1129).
8
Let u(h) = h**2 - 1455*h - 297910. Give u(-182).
24
Let j(d) = d**3 - 806*d**2 - 6543*d - 244. Give j(-8).
4
Let q(n) = -53*n**2 + 816*n - 2439. Give q(3).
-468
Let y(m) = 12934*m + 116480. Determine y(-9).
74
Let r(z) = 3*z**3 - 2107*z**2 - 1659*z + 177735. Determine r(703).
-124
Let q(k) = -2*k**3 - 582*k**2 + 592*k + 2286. What is q(-292)?
-50
Let p(g) = -2*g**3 + 80*g**2 + 656*g + 143. Give p(47).
49
Let t(z) = -494*z + 60708. What is t(123)?
-54
Let l(s) = 6098*s - 384175. Determine l(63).
-1
Let c(s) = -21*s**2 - 291*s + 1276. Give c(-17).
154
Let m(i) = -50*i**3 + 47*i**2 - 120*i - 72. Calculate m(3).
-1359
Let c(i) = -12545*i + 200727. Give c(16).
7
Let c(n) = 76*n + 242. Calculate c(-3).
14
Let s(l) = -2*l**3 - 457*l**2 + 707*l + 4006. Determine s(-230).
96
Let j(d) = 4*d**2 - 723*d - 277301. Determine j(-188).
-1
Let j(b) = -265*b**3 + 2*b**2 - 32*b - 33. What is j(-1)?
266
Let w(n) = 3204*n - 618373. Calculate w(193).
-1
Let v(y) = y**3 - 15*y**2 - 1139*y - 6052. Determine v(-6).
26
Let l(o) = 176341*o - 352680. Give l(2).
2
Let m(k) = -407*k + 22774. What is m(57)?
-425
Let b(y) = -1439748*y - 5758986. What is b(-4)?
6
Let d(r) = 3*r**2 + 1277*r - 476559. What is d(239)?
7
Let t(f) = -24122*f + 120604. Determine t(5).
-6
Let i(q) = 2*q**3 - 4533*q**2 + 6727*q + 154026. Calculate i(2265).
6
Let b(l) = 76*l - 85269. Calculate b(1122).
3
Let p(h) = -3040*h + 124766. Determine p(41).
126
Let z(w) = w**2 - 992*w - 35930. Calculate z(-35).
15
Let j(p) = 3378*p + 439135. Determine j(-130).
-5
Let l(p) = p**2 + 34*p - 253. Determine l(0).
-253
Let f(d) = 2*d**3 - 261*d**2 - 19*d - 15140. Determine f(131).
-468
Let k(v) = -362*v + 1395. What is k(0)?
1395
Let i(r) = -86*r**2 + 17561*r - 3468. What is i(204)?
0
Let z(j) = -4242*j - 254540. Determine z(-60).
-20
Let i(c) = c**3 - c**2 - 378*c + 2849. Determine i(10).
-31
Let m(v) = -8156*v - 1916670. What is m(-235)?
-10
Let c(x) = x**2 + 992*x + 126305. Give c(-150).
5
Let r(i) = 3*i**2 + 194*i + 1018. Determine r(-62).
522
Let r(z) = 2227*z**2 - 4443*z - 2. Calculate r(2).
20
Let t(o) = 68*o**2 - 49715*o + 5097. Determine t(731).
-20
Let a(u) = 2203*u - 147637. Determine a(67).
-36
Let d(h) = h**3 - 6*h**2 - 8*h + 14. Give d(12).
782
Let d(r) = -126832*r - 507232. Calculate d(-4).
96
Let w(g) = -g**3 - 23*g**2 + 35*g + 2250. Determine w(-18).
0
Let u(s) = -5*s**3 + 8*s**2 - 11*s - 41. Calculate u(5).
-521
Let r(l) = -4*l**2 - 180*l + 1699. Determine r(-53).
3
Let r(m) = -3*m**3 + m**2 + 142*m - 567. Calculate r(4).
-175
Let f(v) = -4*v**3 + 50*v**2 + 226*v - 3007. Determine f(12).
-7
Let j(t) = -t**2 - 2566*t + 6. Determine j(0).
6
Let o(b) = -b**2 + 5279. Give o(79).
-962
Let c(b) = 3*b**2 + 1583*b + 6285. Give c(-4).
1
Let b(y) = 2*y**3 + 299*y**2 + 724*y - 1266. Determine b(-147).
351
Let j(k) = -2*k**3 + 250*k**2 + 1550*k - 115. Give j(-6).
17
Let c(y) = -654*y**2 - 1222*y + 165. Determine c(-2).
-7
Let l(n) = -4*n**3 - 5*n**2 - 68*n - 479. Determine l(-5).
236
Let s(p) = -5*p**2 + 108*p + 299. Determine s(24).
11
Let a(f) = -f**3 + 114*f**2 - 2072*f + 267240. Calculate a(116).
-24
Let y(h) = 57*h - 2768. Calculate y(62).
766
Let w(l) = -176*l + 9850. Calculate w(56).
-6
Let a(w) = w**3 + 9*w**2 - 26*w - 29. Determine a(-7).
251
Let p(k) = 4*k**3 - 14*k**2 + 224*k - 1265. Give p(6).
439
Let o(s) = s**3 + 121*s**2 + 3578*s + 344. Determine o(-51).
-64
Let f(i) = i**2 + 3304*i + 283041. What is f(-88)?
33
Let a(j) = j**2 + 258*j - 18701. What is a(63)?
1522
Let k(t) = 2*t**2 - 2268*t - 49051. Calculate k(-21).
-541
Let n(w) = -w**3 + 73*w**2 + 642*w - 2. Give n(81).
-488
Let x(s) = 45*s**3 + 5850*s**2 - 3*s - 4. Calculate x(-130).
386
Let b(v) = -v**3 + 1989*v**2 + 2151*v + 162. Give b(-1).
1
Let r(u) = -u**2 + 79*u - 1114. Give r(19).
26
Let h(v) = 10*v**3 - 564*v**2 + 220*v + 294. What is h(56)?
70
Let r(n) = -3*n**3 - 39*n**2 - 95*n + 40. Give r(-10).
90
Let l(i) = i**3 + 613*i**2 + 57655*i + 1492. Give l(-497).
1
Let y(f) = 10466*f + 9398480. What is y(-898)?
12
Let w(v) = 552*v**2 - 14923*v + 676. Determine w(27).
163
Let k(f) = f**3 - 908*f**2 + 880*f + 24517. Determine k(907).
28
Let q(o) = o**3 - 14*o**2 + 287*o - 1208. Determine q(5).
2
Let q(v) = 7416*v - 712750. Determine q(96).
-814
Let f(n) = -47*n**2 + 500*n + 360. Calculate f(11).
173
Let h(w) = 745*w + 1699. Determine h(-2).
209
Let y(k) = -2*k**3 - 162*k**2 - 2027*k + 843. Determine y(-16).
-5
Let s(h) = -h**2 - 1019*h - 258401. What is s(-544)?
-1
Let b(k) = 5*k**3 + 318*k**2 - 1551*k - 91076. Determine b(-64).
-4
Let r(u) = -1809*u - 12382. Give r(-7).
281
Let i(j) = -273*j**2 - 96093*j + 870. Calculate i(-352).
-186
Let j(i) = -103*i**2 - 1838*i + 38. Calculate j(-18).
-250
Let j(b) = 3*b**3 - 2*b**2 - 614*b - 3504. Give j(-6).
-540
Let u(q) = q**3 + 353*q**2 + 12525*q + 202. Determine u(-40).
2
Let f(n) = -2*n**2 - 5896*n - 88185. Give f(-15).
-195
Let b(k) = -k**3 - 57*k**2 + 679*k + 240. Calculate b(-67).
-363
Let q(m) = -m**3 + 24*m**2 + 30*m - 616. What is q(20)?
1584
Let m(g) = 5*g**2 - 204*g + 1836. Determine m(12).
108
Let s(m) = -10*m**3 + 27*m**2 - 70*m + 141. Determine s(2).
29
Let v(x) = -6*x**2 - 1957*x - 9841. What is v(-5)?
-206
Let k(w) = -3*w**3 - 48*w**2 + 165*w + 2601. Give k(-16).
-39
Let i(d) = -4970*d - 288256. Give i(-58).
4
Let k(m) = 403*m - 17769. What is k(44)?
-37
Let q(x) = x**2 - 1767*x + 29744. Give q(17).
-6
Let y(m) = 9779*m + 78203. What is y(-8)?
-29
Let q(j) = -66747*j + 200252. What is q(3)?
11
Let h(v) = 22*v**2 + 4283*v + 28924. Determine h(-7).
21
Let y(p) = 3*p**2 + 121*p - 14. Give y(-32).
-814
Let b(s) = s**3 + 13*s**2 + 378*s + 702. Give b(-2).
-10
Let z(v) = 774*v - 1167. Calculate z(3).
1155
Let c(v) = -4*v**3 + 13*v**2 + 437*v + 3272. What is c(-8)?
2656
Let n(g) = g**3 - 141*g**2 + 1455*g - 13. Calculate n(11).
262
Let p(k) = 69*k**2 + 1191*k + 2105. Calculate p(-2).
-1
Let t(s) = -19*s**2 + 641*s + 14207. Calculate t(49).
-3
Let u(o) = -49*o**3 + o**2 - 381*o - 377. Calculate u(-1).
54
Let i(x) = -1773*x**2 - 28427*x - 941. Determine i(-16).
3
Let m(r) = 114*r**2 + 4057*r - 8105. Calculate m(2).
465
Let k(c) = -7*c**3 + 170*c**2 - 799*c + 126. Determine k(18).
0
Let h(r) = -3*r**2 - 7590*r + 3062812. Calculate h(354).
4
Let z(y) = 9670*y - 1953326. Calculate z(202).
14
Let g(l) = l**3 - 846*l**2 + 1296*l - 381101. Determine g(845).
-6
Let h(q) = -6*q**2 + 165*q + 306. What is h(31)?
-345
Let u(q) = -582*q + 11409. Determine u(21).
-813
Let d(c) = -2*c**2 - 125*c + 1585. Calculate d(-73).
52
Let p(r) = r**3 + 114*r**2 - 278*r - 5069. Determine p(-116).
267
Let f(a) = 47*a**3 - 2305*a**2 + 89*a + 438. Calculate f(49).
-3
Let k(t) = -2*t**3 - 50*t**2 - 30*t - 551. What is k(-25)?
199
Let g(f) = -9474*f - 1174779. Determine g(-124).
-3
Let p(u) = -1173*u + 974775. Give p(831).
12
Let f(p) = -p**2 + 1308*p + 177569. What is f(-124)?
1
Let o(i) = -i**2 + 57*i + 2703. What is o(-27)?
435
Let j(p) = 4916*p - 49166. Calculate j(10).
-6
Let o(s) = -7*s**2 - 16195*s 